- -12).
-8
Calculate -2 + -10 + -4 + 29 + -2.
11
What is -5 + (0 - -2) - (11 + -2)?
-12
Evaluate -1 - (-6 - (-1 + (8 - 11))).
1
(7 - 8 - (-1 + 5)) + 12 + -1
6
What is -1 + (14 - 4) + -11 - (-24 - -3)?
19
What is (-12 - -22) + (-2 - -4) + -26?
-14
What is 2 - ((-2 - -2) + -15 + -215 + 222)?
10
Evaluate -9 - (0 - ((-6 - -4) + -4 - -12)).
-3
What is (-6 - (-2 + -11)) + -1?
6
Evaluate 14 - (18 + -11 - (-2 + (2 - -3))).
10
What is the value of 2 + 6 + -6 + (4 - -7)?
13
8 + (11 - -3 - 3) + (-3 - 0)
16
What is the value of (-9 + 2 - (2 + 0)) + 294 + -295?
-10
What is -443 + 441 - (8 - 1)?
-9
What is ((-1 - -1) + 1 - 3) + (1218 - 1223)?
-7
Evaluate -10 + 4 - (-5 - (-1 + 3)).
1
-8 - (12 - 19) - -7
6
Evaluate -22 + (-17 - 8) + 42.
-5
(-34 - (-10 - 20)) + -24 + 2
-26
Calculate -17 + (20 - 3) - 13.
-13
What is 13 + -26 + 55 + -7 + 1?
36
4 + 8 + -4 + -2 - 10
-4
-5 - (-2 + (-12 - -1) - (5 - -1))
14
Calculate 1270 - 1273 - (1 - 23).
19
Evaluate (0 - -1) + -10 + (41 - (-3 + 45)).
-10
What is the value of -381 - -367 - (0 + -7)?
-7
Calculate 0 + 9 + 12 + -6 + -12.
3
What is (-2 + 0 - -1) + -3 + (270 - 277)?
-11
Calculate -15 + 11 + 10 + 2 + -1 - -3.
10
What is the value of 4 - -5 - (36 + -8)?
-19
Evaluate (-1 + 0 - 3) + (16 - -1 - 15).
-2
1 - ((211 - 237) + (4 - 1))
24
-32 - (-22 - -16) - -36
10
Evaluate (1 - 3 - 0) + -455 + 451 - 8.
-14
Calculate -26 - -19 - (-11 - ((0 - 4) + 2)).
2
Evaluate 197 - 173 - (7 - 1).
18
Calculate -11 + (4 + -4 + 12 - 13).
-12
What is (1 - (-5 - -8)) + 4 + -11 + 0?
-9
What is the value of -10 + (8 - 1) + 11 + -9 + 22?
21
Calculate -11 - (9 + 2 + -18).
-4
What is the value of (26 - 31) + -13 + 1 + 4?
-13
(6 - 3) + (21 - (-7 + 5 - -1))
25
Evaluate 6 + (3 - -2 - ((6 - -8) + -7)).
4
12 + (-1 - 3) - (-69 - -61)
16
Calculate 1 + 10 + 15 + -8.
18
What is the value of 10 + -9 + 5 + 4?
10
-13 + -1 - (9 + 6 - 60)
31
What is -1 + 1 - (-25 + 25)?
0
Calculate -118 + 116 - ((0 - -1) + (-7 - -11)).
-7
What is (21 - -17) + -38 - (10 - 5)?
-5
(7 - 28) + (-2 - -15) - -2
-6
What is the value of -4 + 14 + (3 - (-8 + 2 + 1))?
18
What is the value of -2 + 2 + -7 + -12 + (6 - 2)?
-15
What is the value of (10 + -8 - 1 - (5 - 0)) + 20?
16
Evaluate 8 + (-6 - (-30 - -17)).
15
-5 - -7 - (-6 - -8)
0
-5 + (4 - (-3 - 2)) - (16 - 11)
-1
Evaluate 2 - (-8 + 9 + 8).
-7
Calculate (0 - 5) + 1 + 495 + -488.
3
What is the value of -11 + 15 + -13 + (-1 - -23) - 8?
5
Evaluate 26 - ((-5 - 0) + 19).
12
Evaluate 1 + 26 - (-23 + 11 - -23).
16
Evaluate (3 - ((9 - 1) + (5 - -13))) + -8.
-31
(11 - (-1 + -28 + 16)) + -8
16
13 - (-24 - 1 - -24)
14
Evaluate 379 + -382 + 0 + -1 + -4.
-8
4 - (-15 + 6 + 1 + -1)
13
3 - (5 + -28 + 14)
12
What is the value of (-22 - -21) + -7 + 3 + 2 - -13?
10
What is the value of 9 + (1 - 1 - (26 + -21)) + 16?
20
What is (9 - 14 - -9) + -3 + 1 + 5?
7
Evaluate 2 + 0 - -9 - (6 - (15 + -19)).
1
Calculate -8 - (-1 + -2 - 27 - -5).
17
What is -9 + 3 + (13 - -1) + (-6 - -9)?
11
Evaluate (-219 - -193) + (37 - -3).
14
18 + 64 + -39 + -23
20
What is the value of -6 + (27 - (-10 - -22))?
9
Evaluate -11 - -11 - -23 - 30.
-7
Calculate 4 + (1 - 7) + 30 + -14.
14
Evaluate -2 + (4 - -4) - -4 - 13.
-3
-22 + 25 + (-29 - -5)
-21
What is the value of -14 + (-37 - -75) + 1?
25
What is the value of 10 - (18 - 10) - (-3 - -9) - -3?
-1
What is the value of (1 - -11) + (2 + -10 - (27 - 35))?
12
What is the value of (4 - 25) + 8 + 10 - (-6 + -3)?
6
What is -49 + (-17 - -36) - -14?
-16
What is the value of 16 + 1 + -5 + (-2 - -1)?
11
What is (392 - 387) + (-16 - 1)?
-12
Evaluate 5 + -4 + (27 - 1 - (-113 - -126)).
14
What is the value of -11 + (-12 - (-43 - (-14 - -13)))?
19
Evaluate -3 + -3 + (49 - 50).
-7
What is (-13 - (-2 + 4)) + (-21 - -25)?
-11
Evaluate -9 + -1 + (0 - 3).
-13
Evaluate -2 + 2 + (-1 - -13) + -46 + 38.
4
Calculate 6 - (-7 + (4 - -1) + 2 - -3).
3
Calculate (78 - 38) + -8 + -1 + 2.
33
What is 3 + -7 - 11 - 5 - (-4 + -5)?
-11
What is -3 + (-4 - 3) + 21 - 4?
7
What is 4 + 5 - 6 - (-3 + 5)?
1
(-8 - 3 - 2) + 4
-9
What is -20 + (-34 + 34 - (-5 - (-1 - -1)))?
-15
What is the value of 5 + (-7 - (-20 + 8)) + -3?
7
What is the value of (45 - 28 - 21) + -1 + 1?
-4
What is -2 + -13 + 1 + (-287 - -291)?
-10
What is (1 - 11) + 13 + 5 + -2 + 1?
7
Evaluate -3 + (23 - (13 + 18)).
-11
-5 - (1 - -1) - (18 - 34 - -21)
-12
What is the value of 1 - 8 - ((3 - -6) + (-3 - 11))?
-2
Evaluate 17 - (-25 - -46) - (9 - 1) - -1.
-11
Calculate -13 - (-5 - (29 - 22)).
-1
Evaluate -29 - (-4 + 4) - -9.
-20
What is -33 + (-17 - -40) - (-2 + -4 - 0)?
-4
Calculate 0 + 1 + 5 - (-23 - (-22 - 17)).
-10
Evaluate (531 - 484) + (-86 - -1).
-38
What is 13 + (-145 + 136 - (2 - 24))?
26
Evaluate ((29 - (-7 + 14)) + -4 - 3) + 1.
16
Evaluate 10 + (10 - 9) + (-1 - -3) + -1.
12
Evaluate (69 + -63 - (0 - -7)) + -7 + 9.
1
What is the value of 14 + 4 + -6 - (-22 - (-3 + -12))?
19
Calculate 8 + 30 + -50 + -5 + 6 + -5.
-16
What is the value of 14 + (-34 - (12 + -20))?
-12
Calculate 16 - -1 - ((52 - 28) + -30).
23
Evaluate -5 - (6 + -7 + (-2 - -13) + -8).
-7
What is -11 - ((35 - 39) + -3)?
-4
What is -176 - -142 - (-14 - (-4 - -3))?
-21
Evaluate 0 - 19 - (-4 + -27 + -5).
17
-6 - (11 + 0) - -12
-5
Evaluate (-1 - (-32 - -22)) + 13.
22
Calculate 35 + (-28 + -20 - -33).
20
What is -17 + 44 + -27 + -23?
-23
What is (-6 - -11 - 6) + 11 + -1 + 1?
10
What is (7 - 2) + 2 + -30 + 4 + 33?
14
(4 + -5 - 7) + (-24 - (-16 + 12))
-28
Calculate 7 + -39 - -14 - -23.
5
(-2 - 0) + (-11 - -15 - 30) + -7
-35
What is 0 - (7 + -8 + 11 + -15)?
5
Calculate (-3 - (-2 + 2)) + -3.
-6
What is 13 + (-14 - -1) + 10?
10
What is -24 + (7 - (-11 + 13 - -6))?
-25
Evaluate 9 - 4 - (8 - -2 - 16 - -13).
-2
Evaluate (-7 - 3) + 4 + (6 + 31 - 3).
28
What is the value of -6 - -2 - -1 - -2 - -7 - 5?
1
Evaluate 6 + (1 - 14) + 12.
5
1 + 9 + -4 + 3 - (4 - 15)
20
Evaluate 1 + (-6 + 10 - 10) + -3.
-8
-4 + (14 - -2) + -7
5
Evaluate -45 + 29 - (-19 + 5).
-2
What is -8 + -3 + (-1 - -1 - 3 - -4)?
-10
Evaluate (5 + -10 - (-1 - -5)) + 4 - -4.
-1
What is -14 - (-32 - -13) - (-2 - 1 - 1)?
9
What is the value of 0 + 3 - (-134 + 128)?
9
Calculate 13 + (1 - 3) + 12 + -14 + 8.
17
-12 + 9 + 12 + -9
0
What is 0 - (5 + -13 - 8)?
16
What is -3 - -8 - ((12 - (-12 + 32)) + 17)?
-4
What is 55 - 60 - (-8 + 5)?
-2
Evaluate -15 + (21 - 26) + 14.
-6
Evaluate 17 - (-6 + -1 + 6).
18
Calculate (4 - 40) + 16 + 0.
-20
Evaluate -5 + (-1 + 9 - (-16 - -17)).
2
What is 14 - (18 - (8 + -22 + -2))?
-20
Calculate (-21 - -4) + -3 - (-75 - -68) - 1.
-14
Evaluate -5 - (-25 - (-15 - -7)).
12
What is 7 - (-5 + -1 + (18 - -10) + -31)?
16
Calculate 5 + -30 + (-5 - (-3 + 3)).
-30
9 + (-12 + 5 - -3) + 5 + -1
9
(0 - 1) + (-11 + 5 - (-12 - -4))
1
What is (-14 - -6) + -18 + 4?
-22
What is 2 + (1 - 6) + 9 + (0 - 9)?
-3
What is the value of 4 - ((-15 - -21) + -24 + 15)?
7
What is 30 + -27 + (5 - (22 + -2))?
-12
-5 - -2 - (-10 + 13 - 5) - 19
-20
4 + (30 - 8) + -13
13
50 + -61 + 5 - (-8 - -1)
1
30 + 11 + -43 + 0
-2
What is the value of -4 + (-3 + -12 + 6 - (-19 + -4))?
10
Calculate -14 + -24 + 48 + 7 + 2.
19
What is (2 - ((-13 - -9) + 7)) + -12?
-13
(-6 - (-26 + 14 + -19)) + -7
18
What is the value of 10 + (7 - -2 - (11 + 4))?
4
-17 + (6 - 23 - -25) + (0 - 2)
-11
Evaluate 11 - (7 + (-13 - -9)).
8
Calculate (0 - (2 + -3)) + 1 + (28 - 27).
3
Evaluate 0 + -7 + 6 + 1 - (4 - 1).
-3
-6 + 2 + -8 - -2 - -13
3
Evaluate 7 + -1 - -1 - (-28 - -29) - 12.
-6
Evaluate -6 + (24 - (10 + (10 - 11 - 2))).
11
What is the value of 2 + -16 + (20 - 10) + (-14 - -24)?
6
What is the value of (-25 - -33) + ((3 - 3) + 0 - 1)?
7
What is 13 - (2 - 0) - (-4 + 22 + -22)?
15
(-181 - -227) + (-3 - 32)
11
Evaluate 17 + -32 + -7 + 5.
-17
Calculate (4 + -6 - 4) + 6 + -4.
-4
Evaluate 7 + (-38 + 7 - -22).
-2
Calculate -1 + (-7 - -7) + 38 + -29.
8
What is (-14 - 10) + 25 - -23?
24
What is the value of 1 + -16 + -529 + 533 + 3?
-8
What is 6 + (10 + -11 - 1)?
4
Evaluate (-1 - -19) + -2 - (-289 + 295).
10
What is (-113 - -102) + (15 - 0)?
4
Calculate -4 - (1 - 3 - -5 - (27 - 17)).
3
7 - (-2 - -14 - (35 - (9 + 18)))
3
What is 7 - 12 - -11 - (4 + 4 + -2)?
0
(7 - (6 + -2) - 6) + 26 - 6
17
What is (18 - (3 + 11)) + -1?
3
What is the value of 15 + (0 - (1 + 8 + -2)) - 0?
8
327 + -329 - (-4 + 1)
1
What is -7 + 4 + 13 + (3 - (12 - 2))?
3
Evaluate 8 + (1 - (1